{"id":920,"date":"2021-09-21T10:56:06","date_gmt":"2021-09-21T07:56:06","guid":{"rendered":"http:\/\/www.talendikeskus.ee\/wp-content\/uploads\/2021\/08\/Karin-Konksi.-Suveseminar_2021.pdf"},"modified":"2021-09-21T10:56:54","modified_gmt":"2021-09-21T07:56:54","slug":"karin-konksi-suveseminar_2021","status":"inherit","type":"attachment","link":"https:\/\/talendikeskus.ee\/index.php\/2021\/08\/10\/suveseminar-2021\/karin-konksi-suveseminar_2021\/","title":{"rendered":"Karin Konksi. Noppe\u00f5ppe v\u00e4ljakutsed ja v\u00e4ljavaated. Tartu Veeriku kooli kogemus"},"author":1,"featured_media":0,"comment_status":"open","ping_status":"closed","template":"","meta":[],"class_list":["post-920","attachment","type-attachment","status-inherit","hentry"],"description":{"rendered":"<p class=\"attachment\"><a href='https:\/\/talendikeskus.ee\/wp-content\/uploads\/2021\/08\/Karin-Konksi.-Suveseminar_2021.pdf'>Karin Konksi. Noppe\u00f5ppe v\u00e4ljakutsed ja v\u00e4ljavaated. Tartu Veeriku kooli kogemus<\/a><\/p>\n"},"caption":{"rendered":"<p>Karin Konksi. Noppe\u00f5ppe v\u00e4ljakutsed ja v\u00e4ljavaated. Tartu Veeriku kooli kogemus<\/p>\n"},"alt_text":"","media_type":"file","mime_type":"application\/pdf","media_details":{},"post":911,"source_url":"https:\/\/talendikeskus.ee\/wp-content\/uploads\/2021\/08\/Karin-Konksi.-Suveseminar_2021.pdf","_links":{"self":[{"href":"https:\/\/talendikeskus.ee\/index.php\/wp-json\/wp\/v2\/media\/920","targetHints":{"allow":["GET"]}}],"collection":[{"href":"https:\/\/talendikeskus.ee\/index.php\/wp-json\/wp\/v2\/media"}],"about":[{"href":"https:\/\/talendikeskus.ee\/index.php\/wp-json\/wp\/v2\/types\/attachment"}],"author":[{"embeddable":true,"href":"https:\/\/talendikeskus.ee\/index.php\/wp-json\/wp\/v2\/users\/1"}],"replies":[{"embeddable":true,"href":"https:\/\/talendikeskus.ee\/index.php\/wp-json\/wp\/v2\/comments?post=920"}]}}

Karin Konksi. Noppeõppe väljakutsed ja väljavaated. Tartu Veeriku kooli kogemus

<p class="attachment"><a href='https://talendikeskus.ee/wp-content/uploads/2021/08/Karin-Konksi.-Suveseminar_2021.pdf'>Karin Konksi. Noppeõppe väljakutsed ja väljavaated. Tartu Veeriku kooli kogemus</a></p>

<p>Karin Konksi. Noppeõppe väljakutsed ja väljavaated. Tartu Veeriku kooli kogemus</p>
