{"id":1007,"date":"2021-11-18T22:11:56","date_gmt":"2021-11-18T20:11:56","guid":{"rendered":"http:\/\/www.talendikeskus.ee\/?page_id=1007"},"modified":"2021-11-18T22:57:55","modified_gmt":"2021-11-18T20:57:55","slug":"ariplaan","status":"publish","type":"page","link":"https:\/\/talendikeskus.ee\/index.php\/ariplaan\/","title":{"rendered":"MT\u00dc Eesti Talendikeskuse \u00e4riplaan"},"content":{"rendered":"<h2><strong>MT\u00dc Eesti Talendikeskuse \u00e4riplaan<\/strong><\/h2>\n<p>&nbsp;<\/p>\n<p>01.08.- 30.11.19 \u00a0viidi Kodaniku\u00fchiskonna Sihtkapitali (K\u00dcSK) arenguh\u00fcppe \u00a0ettevalmistava taotlusvooru toetuse abil \u00a0l\u00e4bi MT\u00dc Eesti Talendikeskuse sihtr\u00fchmade \u00a0vajaduste kaardistamine ja Talendikeskuse pakutavate teenuste pakkettide sisu t\u00e4psustamine. Projekti \u00a0tulemina valmis MT\u00dc Eesti Talendikeskuse \u00e4riplaan. \u00a0Projekti seminaride \u00a0ja \u00e4riplaani koostamiseks vajalike tegevuste l\u00e4biviimist toetas K\u00dcSK 4000 euroga.<\/p>\n","protected":false},"excerpt":{"rendered":"<p>MT\u00dc Eesti Talendikeskuse \u00e4riplaan &nbsp; 01.08.- 30.11.19 \u00a0viidi Kodaniku\u00fchiskonna Sihtkapitali (K\u00dcSK) arenguh\u00fcppe \u00a0ettevalmistava taotlusvooru toetuse abil \u00a0l\u00e4bi MT\u00dc Eesti Talendikeskuse sihtr\u00fchmade \u00a0vajaduste kaardistamine ja Talendikeskuse pakutavate teenuste pakkettide sisu t\u00e4psustamine. Projekti \u00a0tulemina valmis MT\u00dc Eesti Talendikeskuse \u00e4riplaan. \u00a0Projekti seminaride \u00a0ja \u00e4riplaani koostamiseks vajalike tegevuste l\u00e4biviimist toetas K\u00dcSK 4000 euroga.<\/p>\n","protected":false},"author":2,"featured_media":0,"parent":0,"menu_order":0,"comment_status":"closed","ping_status":"closed","template":"","meta":{"footnotes":""},"class_list":["post-1007","page","type-page","status-publish","hentry"],"_links":{"self":[{"href":"https:\/\/talendikeskus.ee\/index.php\/wp-json\/wp\/v2\/pages\/1007","targetHints":{"allow":["GET"]}}],"collection":[{"href":"https:\/\/talendikeskus.ee\/index.php\/wp-json\/wp\/v2\/pages"}],"about":[{"href":"https:\/\/talendikeskus.ee\/index.php\/wp-json\/wp\/v2\/types\/page"}],"author":[{"embeddable":true,"href":"https:\/\/talendikeskus.ee\/index.php\/wp-json\/wp\/v2\/users\/2"}],"replies":[{"embeddable":true,"href":"https:\/\/talendikeskus.ee\/index.php\/wp-json\/wp\/v2\/comments?post=1007"}],"version-history":[{"count":3,"href":"https:\/\/talendikeskus.ee\/index.php\/wp-json\/wp\/v2\/pages\/1007\/revisions"}],"predecessor-version":[{"id":1030,"href":"https:\/\/talendikeskus.ee\/index.php\/wp-json\/wp\/v2\/pages\/1007\/revisions\/1030"}],"wp:attachment":[{"href":"https:\/\/talendikeskus.ee\/index.php\/wp-json\/wp\/v2\/media?parent=1007"}],"curies":[{"name":"wp","href":"https:\/\/api.w.org\/{rel}","templated":true}]}}