{"id":1291,"date":"2024-04-25T13:55:14","date_gmt":"2024-04-25T10:55:14","guid":{"rendered":"https:\/\/talendikeskus.ee\/?page_id=1291"},"modified":"2024-04-25T13:57:01","modified_gmt":"2024-04-25T10:57:01","slug":"2016-2018-aasta-projektid","status":"publish","type":"page","link":"https:\/\/talendikeskus.ee\/index.php\/2016-2018-aasta-projektid\/","title":{"rendered":"Toimunud (2016-2018)"},"content":{"rendered":"<h5><strong><span style=\"text-transform: uppercase;\">Toimunud<\/span><\/strong><\/h5>\n<hr \/>\n<h2><strong><span style=\"color: #000000;\">Hasartm\u00e4ngumaksun\u00f5ukogu toetatud projekt \u201cM\u00e4rka ja toeta lapse andeid I, II\u201d 2016-2018<\/span><\/strong><\/h2>\n<p>&nbsp;<\/p>\n<p><span style=\"color: #000000;\">Projekti eesm\u00e4rgiks oli t\u00f5sta lapsevanemate ja pedagoogide, lasteaiakasvatajate, treenerite, ringijuhtide jt lastega tegelevate t\u00e4iskasvanute teadlikkust laste annete avaldumisest ja nende arengu toetamisest. P\u00f5hir\u00f5hk oli suunatud koolieelses eas ja esimese kooliastme laste spetsiifikale.<br \/>\n<\/span><br \/>\n<span style=\"color: #000000;\"> Projekti raames toimus 5\u00a0 andekuse teemap\u00e4eva\u00a0 erinevates Eesti piirkondades\u00a0 (Tartus, Tallinnas, Kuressaares, T\u00fcril, Narvas) eesm\u00e4rgiga\u00a0 kujundada\u00a0 \u00fchine, m\u00f5ttevahetuses jagatud arusaam andekusest kui fenomenist, mis omakorda aitaks\u00a0 pere ja haridusasutus(t)e koost\u00f6\u00f6s\u00a0 leida parimaid viise andeka lapse arengu s\u00fcsteemseks\u00a0 toetamiseks.<\/span><\/p>\n<p>2018.a. toimusid andekuse teemap\u00e4evad P\u00e4rnu ja P\u00e4rnumaa ning P\u00f5lvamaa pedagoogidele ja lapsevanematele.<\/p>\n<p>Projekti l\u00f5puseminaril TT\u00dc S\u00e4rghaua \u00f5ppekeskuse toimus aktiivne arutelu v\u00f5imekate laste arenguga seonduvate k\u00fcsimuste \u00fcle\u00a0 kaasava hariduskorralduse tingimustes. Osalejate arvates on j\u00e4tkuvalt suureks probleemiks \u00f5petajate v\u00e4hene ettevalmistus t\u00f6\u00f6ks andekate \u00f5ppijatega, v\u00e4hene koost\u00f6\u00f6 erinevate haridusasutuste vahel, \u00f5ppematerjalide v\u00e4hesus (eesk\u00e4tt koolieelse ja I kooliastme vanuser\u00fchmale) jms.<\/p>\n<table>\n<tbody>\n<tr>\n<td style=\"vertical-align: center;\"><strong>Toetas<\/strong><\/td>\n<td><img decoding=\"async\" src=\"http:\/\/www.talendikeskus.ee\/wp-content\/uploads\/2018\/02\/Logo-HMN-taustata.png\" \/><\/td>\n<\/tr>\n<\/tbody>\n<\/table>\n","protected":false},"excerpt":{"rendered":"<p>Toimunud Hasartm\u00e4ngumaksun\u00f5ukogu toetatud projekt \u201cM\u00e4rka ja toeta lapse andeid I, II\u201d 2016-2018 &nbsp; Projekti eesm\u00e4rgiks oli t\u00f5sta lapsevanemate ja pedagoogide, lasteaiakasvatajate, treenerite, ringijuhtide jt lastega tegelevate t\u00e4iskasvanute teadlikkust laste annete avaldumisest ja nende arengu toetamisest. P\u00f5hir\u00f5hk oli suunatud koolieelses eas ja esimese kooliastme laste spetsiifikale. Projekti raames toimus 5\u00a0 andekuse teemap\u00e4eva\u00a0 erinevates Eesti piirkondades\u00a0 (Tartus, &hellip; <\/p>\n<p class=\"link-more\"><a href=\"https:\/\/talendikeskus.ee\/index.php\/2016-2018-aasta-projektid\/\" class=\"more-link\">Continue reading<span class=\"screen-reader-text\"> &#8220;Toimunud (2016-2018)&#8221;<\/span><\/a><\/p>\n","protected":false},"author":1,"featured_media":0,"parent":0,"menu_order":0,"comment_status":"closed","ping_status":"closed","template":"","meta":{"footnotes":""},"class_list":["post-1291","page","type-page","status-publish","hentry"],"_links":{"self":[{"href":"https:\/\/talendikeskus.ee\/index.php\/wp-json\/wp\/v2\/pages\/1291","targetHints":{"allow":["GET"]}}],"collection":[{"href":"https:\/\/talendikeskus.ee\/index.php\/wp-json\/wp\/v2\/pages"}],"about":[{"href":"https:\/\/talendikeskus.ee\/index.php\/wp-json\/wp\/v2\/types\/page"}],"author":[{"embeddable":true,"href":"https:\/\/talendikeskus.ee\/index.php\/wp-json\/wp\/v2\/users\/1"}],"replies":[{"embeddable":true,"href":"https:\/\/talendikeskus.ee\/index.php\/wp-json\/wp\/v2\/comments?post=1291"}],"version-history":[{"count":3,"href":"https:\/\/talendikeskus.ee\/index.php\/wp-json\/wp\/v2\/pages\/1291\/revisions"}],"predecessor-version":[{"id":1295,"href":"https:\/\/talendikeskus.ee\/index.php\/wp-json\/wp\/v2\/pages\/1291\/revisions\/1295"}],"wp:attachment":[{"href":"https:\/\/talendikeskus.ee\/index.php\/wp-json\/wp\/v2\/media?parent=1291"}],"curies":[{"name":"wp","href":"https:\/\/api.w.org\/{rel}","templated":true}]}}