{"id":1296,"date":"2024-04-25T13:57:11","date_gmt":"2024-04-25T10:57:11","guid":{"rendered":"https:\/\/talendikeskus.ee\/?page_id=1296"},"modified":"2024-05-15T15:55:04","modified_gmt":"2024-05-15T12:55:04","slug":"kasilolevad-projektid","status":"publish","type":"page","link":"https:\/\/talendikeskus.ee\/index.php\/kasilolevad-projektid\/","title":{"rendered":"K\u00e4silolevad projektid"},"content":{"rendered":"<h5><strong><span style=\"text-transform: uppercase;\">Toimumas<\/span><\/strong><\/h5>\n<hr \/>\n<h2><strong>MT\u00dc Eesti Talendikeskuse \u201eTalendip\u00e4ev lasteaias\u201c\u00a0 &#8211; m\u00e4rka ja toeta lapse andeid<\/strong><\/h2>\n<p><img loading=\"lazy\" decoding=\"async\" class=\"size-medium wp-image-787 alignright\" src=\"http:\/\/www.talendikeskus.ee\/wp-content\/uploads\/2020\/09\/200819_TM_9942-200x300.jpg\" alt=\"\" width=\"200\" height=\"300\" srcset=\"https:\/\/talendikeskus.ee\/wp-content\/uploads\/2020\/09\/200819_TM_9942-200x300.jpg 200w, https:\/\/talendikeskus.ee\/wp-content\/uploads\/2020\/09\/200819_TM_9942-768x1151.jpg 768w, https:\/\/talendikeskus.ee\/wp-content\/uploads\/2020\/09\/200819_TM_9942-683x1024.jpg 683w, https:\/\/talendikeskus.ee\/wp-content\/uploads\/2020\/09\/200819_TM_9942.jpg 1729w\" sizes=\"auto, (max-width: 200px) 100vw, 200px\" \/><\/p>\n<p>Talendip\u00e4ev on \u00fcritus Eesti lasteaedades, mis \u00fchendab avastatud jaavastamata v\u00e4ikesed talendid, vanemad ja \u00f5petajad. Tegutsemine koos v\u00f5imete-ja huvikaaslastega toetab laste arenguvajadusi ja emotsionaalset heaolu.<\/p>\n<p>Esimene \u00fcritus toimus Viljandi Kr\u00f5llipesa lasteaias.<\/p>\n<p>Talendip\u00e4eval avastavad <strong>lapsed <\/strong>oma andeid ja arendavad oskusi:<\/p>\n<ul style=\"padding-left: 60px;\">\n<li>arutlevad, mis on teadus<\/li>\n<li>lahendavad nuputamis\u00fclesandeid<\/li>\n<li>teevad katseid jne<\/li>\n<\/ul>\n<p>Lasteprogrammi kavandame koost\u00f6\u00f6s partneri, Viljandi Taibukate Teaduskooliga. Lastega tegelevad \u00f5pila<span style=\"font-size: 1rem;\">sed koos t\u00e4iskasvanud mentoriga. Juhendamine inspireerib noori loodetavasti valima \u00f5petajakutset.<\/span><\/p>\n<p>Samal ajal saavad <strong>lapsevanemad ja \u00f5petajad<\/strong>:<\/p>\n<ul style=\"padding-left: 60px;\">\n<li>teadmisi andekusest<\/li>\n<li>n\u00f5uandeid toetamiseks<\/li>\n<li>jagada vastastikku kogemusi<\/li>\n<\/ul>\n<p>Vanemaid ja \u00f5petajaid n\u00f5ustavad Talendikeskuse v\u00f5rgustiku andekate hariduse eksperdid, ps\u00fchholoogid ja kogemusn\u00f5ustajad.<\/p>\n<p>Talendip\u00e4eva l\u00f5pus esitlevad lapsed oma tegevuse tulemusi. \u00dcritus aitab m\u00f5ista andekusega kaasnevat erip\u00e4ra ja innustab andeid avastama ning toetama.<\/p>\n<p><img loading=\"lazy\" decoding=\"async\" class=\"alignleft wp-image-779\" src=\"http:\/\/www.talendikeskus.ee\/wp-content\/uploads\/2020\/09\/200819_TM_9730_plekiga-300x200.jpg\" alt=\"\" width=\"270\" height=\"180\" srcset=\"https:\/\/talendikeskus.ee\/wp-content\/uploads\/2020\/09\/200819_TM_9730_plekiga-300x200.jpg 300w, https:\/\/talendikeskus.ee\/wp-content\/uploads\/2020\/09\/200819_TM_9730_plekiga-768x512.jpg 768w, https:\/\/talendikeskus.ee\/wp-content\/uploads\/2020\/09\/200819_TM_9730_plekiga-1024x683.jpg 1024w\" sizes=\"auto, (max-width: 270px) 100vw, 270px\" \/><img loading=\"lazy\" decoding=\"async\" class=\"alignright wp-image-776\" src=\"http:\/\/www.talendikeskus.ee\/wp-content\/uploads\/2020\/09\/200819_TM_9848-300x200.jpg\" alt=\"\" width=\"270\" height=\"180\" srcset=\"https:\/\/talendikeskus.ee\/wp-content\/uploads\/2020\/09\/200819_TM_9848-300x200.jpg 300w, https:\/\/talendikeskus.ee\/wp-content\/uploads\/2020\/09\/200819_TM_9848-768x512.jpg 768w, https:\/\/talendikeskus.ee\/wp-content\/uploads\/2020\/09\/200819_TM_9848-1024x683.jpg 1024w\" sizes=\"auto, (max-width: 270px) 100vw, 270px\" \/><\/p>\n","protected":false},"excerpt":{"rendered":"<p>Toimumas MT\u00dc Eesti Talendikeskuse \u201eTalendip\u00e4ev lasteaias\u201c\u00a0 &#8211; m\u00e4rka ja toeta lapse andeid Talendip\u00e4ev on \u00fcritus Eesti lasteaedades, mis \u00fchendab avastatud jaavastamata v\u00e4ikesed talendid, vanemad ja \u00f5petajad. Tegutsemine koos v\u00f5imete-ja huvikaaslastega toetab laste arenguvajadusi ja emotsionaalset heaolu. Esimene \u00fcritus toimus Viljandi Kr\u00f5llipesa lasteaias. Talendip\u00e4eval avastavad lapsed oma andeid ja arendavad oskusi: arutlevad, mis on teadus lahendavad &hellip; <\/p>\n<p class=\"link-more\"><a href=\"https:\/\/talendikeskus.ee\/index.php\/kasilolevad-projektid\/\" class=\"more-link\">Continue reading<span class=\"screen-reader-text\"> &#8220;K\u00e4silolevad projektid&#8221;<\/span><\/a><\/p>\n","protected":false},"author":1,"featured_media":0,"parent":0,"menu_order":0,"comment_status":"closed","ping_status":"closed","template":"","meta":{"footnotes":""},"class_list":["post-1296","page","type-page","status-publish","hentry"],"_links":{"self":[{"href":"https:\/\/talendikeskus.ee\/index.php\/wp-json\/wp\/v2\/pages\/1296","targetHints":{"allow":["GET"]}}],"collection":[{"href":"https:\/\/talendikeskus.ee\/index.php\/wp-json\/wp\/v2\/pages"}],"about":[{"href":"https:\/\/talendikeskus.ee\/index.php\/wp-json\/wp\/v2\/types\/page"}],"author":[{"embeddable":true,"href":"https:\/\/talendikeskus.ee\/index.php\/wp-json\/wp\/v2\/users\/1"}],"replies":[{"embeddable":true,"href":"https:\/\/talendikeskus.ee\/index.php\/wp-json\/wp\/v2\/comments?post=1296"}],"version-history":[{"count":5,"href":"https:\/\/talendikeskus.ee\/index.php\/wp-json\/wp\/v2\/pages\/1296\/revisions"}],"predecessor-version":[{"id":1368,"href":"https:\/\/talendikeskus.ee\/index.php\/wp-json\/wp\/v2\/pages\/1296\/revisions\/1368"}],"wp:attachment":[{"href":"https:\/\/talendikeskus.ee\/index.php\/wp-json\/wp\/v2\/media?parent=1296"}],"curies":[{"name":"wp","href":"https:\/\/api.w.org\/{rel}","templated":true}]}}