{"id":1314,"date":"2024-04-26T10:47:11","date_gmt":"2024-04-26T07:47:11","guid":{"rendered":"https:\/\/talendikeskus.ee\/?page_id=1314"},"modified":"2024-05-09T15:26:24","modified_gmt":"2024-05-09T12:26:24","slug":"talendipunkt","status":"publish","type":"page","link":"https:\/\/talendikeskus.ee\/index.php\/talendipunkt\/","title":{"rendered":"Talendipunkt 4.01.2024 Tallinnas ja 24.04.2023 Tartus"},"content":{"rendered":"<h3><strong>Talendipunkt (V\u00e4\u00e4na M\u00f5isakooli kogemus)<\/strong><\/h3>\n<blockquote class=\"wp-embedded-content\" data-secret=\"LHixDclsiI\"><p><a href=\"https:\/\/opleht.ee\/2023\/10\/talendipunkt-andekatele-opilastele-suunatud-projektope\/\">Talendipunkt\u00a0\u2013 andekatele \u00f5pilastele suunatud projekt\u00f5pe<\/a><\/p><\/blockquote>\n<p><iframe loading=\"lazy\" class=\"wp-embedded-content\" sandbox=\"allow-scripts\" security=\"restricted\" style=\"position: absolute; visibility: hidden;\" title=\"&#8220;Talendipunkt\u00a0\u2013 andekatele \u00f5pilastele suunatud projekt\u00f5pe&#8221; &#8212; &Otilde;petajate Leht\" src=\"https:\/\/opleht.ee\/2023\/10\/talendipunkt-andekatele-opilastele-suunatud-projektope\/embed\/#?secret=ZgAxMgTR0W#?secret=LHixDclsiI\" data-secret=\"LHixDclsiI\" width=\"525\" height=\"296\" frameborder=\"0\" marginwidth=\"0\" marginheight=\"0\" scrolling=\"no\"><\/iframe><\/p>\n<p style=\"font-weight: 400;\">\n","protected":false},"excerpt":{"rendered":"<p>Talendipunkt (V\u00e4\u00e4na M\u00f5isakooli kogemus) Talendipunkt\u00a0\u2013 andekatele \u00f5pilastele suunatud projekt\u00f5pe<\/p>\n","protected":false},"author":1,"featured_media":0,"parent":0,"menu_order":0,"comment_status":"closed","ping_status":"closed","template":"","meta":{"footnotes":""},"class_list":["post-1314","page","type-page","status-publish","hentry"],"_links":{"self":[{"href":"https:\/\/talendikeskus.ee\/index.php\/wp-json\/wp\/v2\/pages\/1314","targetHints":{"allow":["GET"]}}],"collection":[{"href":"https:\/\/talendikeskus.ee\/index.php\/wp-json\/wp\/v2\/pages"}],"about":[{"href":"https:\/\/talendikeskus.ee\/index.php\/wp-json\/wp\/v2\/types\/page"}],"author":[{"embeddable":true,"href":"https:\/\/talendikeskus.ee\/index.php\/wp-json\/wp\/v2\/users\/1"}],"replies":[{"embeddable":true,"href":"https:\/\/talendikeskus.ee\/index.php\/wp-json\/wp\/v2\/comments?post=1314"}],"version-history":[{"count":5,"href":"https:\/\/talendikeskus.ee\/index.php\/wp-json\/wp\/v2\/pages\/1314\/revisions"}],"predecessor-version":[{"id":1352,"href":"https:\/\/talendikeskus.ee\/index.php\/wp-json\/wp\/v2\/pages\/1314\/revisions\/1352"}],"wp:attachment":[{"href":"https:\/\/talendikeskus.ee\/index.php\/wp-json\/wp\/v2\/media?parent=1314"}],"curies":[{"name":"wp","href":"https:\/\/api.w.org\/{rel}","templated":true}]}}