{"id":1443,"date":"2024-11-27T20:31:19","date_gmt":"2024-11-27T18:31:19","guid":{"rendered":"https:\/\/talendikeskus.ee\/?page_id=1443"},"modified":"2025-06-19T09:21:58","modified_gmt":"2025-06-19T06:21:58","slug":"talveseminar-2024","status":"publish","type":"page","link":"https:\/\/talendikeskus.ee\/index.php\/talveseminar-2024\/","title":{"rendered":"Talveseminar 2024"},"content":{"rendered":"<h2 style=\"font-weight: 400;\"><strong>MT\u00dc Eesti talendikeskuse talveseminar \u201eMatemaatika ja loovus\u201c<\/strong><\/h2>\n<p><strong>10. detsembril, <\/strong>Tartu, T\u00e4he 4 (Tartu Erakooli T\u00e4he TERA aatrium)<\/p>\n<p><strong>16.00-16.15<\/strong> registreerumine ja tervituskohv<\/p>\n<p><strong>16.15<\/strong> Tervitused. <em>Sulev Kuuse, MT\u00dc Eesti Talendikeskuse juhatuse liige<br \/>\n<\/em><br \/>\n<strong>16.20<\/strong> Matemaatilise andekuse m\u00e4rkamine ning arengut toetava keskkonna loomine haridusasutustes. <em>Karin Konksi, Tartu S\u00e4de TERA arendusjuht, noppe\u00f5ppe \u00f5petaja<br \/>\n<\/em><br \/>\n<strong>16.55 \u2013 17.30<\/strong> Matemaatilised mustrid lingvistikas. <em>Raili Vilt, T\u00dc teaduskooli metoodik<br \/>\n<\/em><br \/>\n<strong>17.30 -18.00<\/strong> M\u00f5tleva klassiruumi loomine. <em>Pirgit Palm, Tartu Descartes\u2019i kooli matemaatika\u00f5petaja<\/em><\/p>\n<p><strong>18.00-18.20<\/strong> Sirutus- ja kohvipaus<\/p>\n<p><strong>18.20-18.50<\/strong> M\u00e4rka loovust matemaatikas. <em>Britt Kalam, Mamamaatika looja<\/em><\/p>\n<p><strong><em>\u00a0<\/em>SEMINARI MATERJALID:<\/strong><\/p>\n<p><strong>Karin Konski.<\/strong> S\u00e4deTERA. <a href=\"https:\/\/talendikeskus.ee\/wp-content\/uploads\/2025\/01\/Talveseminar_matemaatiline-andekus.pptx.pdf\">Matemaatiline andekus ja selle arengut toetava kekskonna loomine haridusasutuses<\/a>.<br \/>\n<strong>Raili Vilt.<\/strong> T\u00dc teaduskool. <a href=\"https:\/\/talendikeskus.ee\/wp-content\/uploads\/2025\/01\/Matemaatilisedmustridlingvistikas.pdf\">Matemaatilised mustrid lingvistikas<\/a>.<br \/>\n<strong>Pirgit Palm.<\/strong>\u00a0 Tartu Descartes\u2019i kool. <a href=\"https:\/\/talendikeskus.ee\/wp-content\/uploads\/2025\/01\/Motlev-klassiruum.pdf\">M\u00f5tlev klassiruum.<\/a><br \/>\n<strong>Britt Kalam<\/strong>. <a href=\"https:\/\/talendikeskus.ee\/wp-content\/uploads\/2025\/01\/Matemaatika-meie-u\u0308mber.pdf\">Matemaatika meie \u00fcmber.\u00a0<\/a><\/p>\n<p>&nbsp;<\/p>\n","protected":false},"excerpt":{"rendered":"<p>MT\u00dc Eesti talendikeskuse talveseminar \u201eMatemaatika ja loovus\u201c 10. detsembril, Tartu, T\u00e4he 4 (Tartu Erakooli T\u00e4he TERA aatrium) 16.00-16.15 registreerumine ja tervituskohv 16.15 Tervitused. Sulev Kuuse, MT\u00dc Eesti Talendikeskuse juhatuse liige 16.20 Matemaatilise andekuse m\u00e4rkamine ning arengut toetava keskkonna loomine haridusasutustes. Karin Konksi, Tartu S\u00e4de TERA arendusjuht, noppe\u00f5ppe \u00f5petaja 16.55 \u2013 17.30 Matemaatilised mustrid lingvistikas. Raili &hellip; <\/p>\n<p class=\"link-more\"><a href=\"https:\/\/talendikeskus.ee\/index.php\/talveseminar-2024\/\" class=\"more-link\">Continue reading<span class=\"screen-reader-text\"> &#8220;Talveseminar 2024&#8221;<\/span><\/a><\/p>\n","protected":false},"author":1,"featured_media":0,"parent":0,"menu_order":0,"comment_status":"closed","ping_status":"closed","template":"","meta":{"footnotes":""},"class_list":["post-1443","page","type-page","status-publish","hentry"],"_links":{"self":[{"href":"https:\/\/talendikeskus.ee\/index.php\/wp-json\/wp\/v2\/pages\/1443","targetHints":{"allow":["GET"]}}],"collection":[{"href":"https:\/\/talendikeskus.ee\/index.php\/wp-json\/wp\/v2\/pages"}],"about":[{"href":"https:\/\/talendikeskus.ee\/index.php\/wp-json\/wp\/v2\/types\/page"}],"author":[{"embeddable":true,"href":"https:\/\/talendikeskus.ee\/index.php\/wp-json\/wp\/v2\/users\/1"}],"replies":[{"embeddable":true,"href":"https:\/\/talendikeskus.ee\/index.php\/wp-json\/wp\/v2\/comments?post=1443"}],"version-history":[{"count":13,"href":"https:\/\/talendikeskus.ee\/index.php\/wp-json\/wp\/v2\/pages\/1443\/revisions"}],"predecessor-version":[{"id":1474,"href":"https:\/\/talendikeskus.ee\/index.php\/wp-json\/wp\/v2\/pages\/1443\/revisions\/1474"}],"wp:attachment":[{"href":"https:\/\/talendikeskus.ee\/index.php\/wp-json\/wp\/v2\/media?parent=1443"}],"curies":[{"name":"wp","href":"https:\/\/api.w.org\/{rel}","templated":true}]}}