{"id":183,"date":"2018-02-15T13:38:16","date_gmt":"2018-02-15T11:38:16","guid":{"rendered":"http:\/\/equfuba.havike.eenet.ee\/wordpress\/?page_id=183"},"modified":"2020-10-15T17:06:01","modified_gmt":"2020-10-15T14:06:01","slug":"vorgustikuga-liitumine","status":"publish","type":"page","link":"https:\/\/talendikeskus.ee\/index.php\/vorgustikuga-liitumine\/","title":{"rendered":"V\u00f5rgustikuga liitumine"},"content":{"rendered":"<p><span style=\"color: #000000;\">MT\u00dc Eesti Talendikeskus kutsub andekusest ja andekate laste arengu toetamise temaatikast s\u00fcgavamalt huvitunud koole, lasteaedu jt haridusasutusi, organisatsioone ning \u00fcksikisikuid liituma talendikeskuse v\u00f5rgustikuga.<\/span><\/p>\n<p><span style=\"color: #000000;\">Liitumine ei maksa midagi, aga vastu jagame metoodilist materjali, infot andekusalaste koolituste, erinevate projektide, seminaride jm \u00fcrituste kohta, kutseid osalemiseks \u00fchisprojektides jms.<\/span><\/p>\n<p><span style=\"color: #000000;\">V\u00f5rgustikuga liitumiseks pole vaja muud, kui t\u00e4ita liitumisankeet:<\/span><\/p>\n<p><a href=\"https:\/\/forms.gle\/mSSC9W2XjtQzUHVFA\" target=\"_blank\" rel=\"noopener noreferrer\">Eraisikule\u00a0<\/a><\/p>\n<p><a href=\"https:\/\/forms.gle\/TrthF2mDuYMaTbRN8\" target=\"_blank\" rel=\"noopener noreferrer\">Asutusele\/organisatsioonile<\/a><\/p>\n","protected":false},"excerpt":{"rendered":"<p>MT\u00dc Eesti Talendikeskus kutsub andekusest ja andekate laste arengu toetamise temaatikast s\u00fcgavamalt huvitunud koole, lasteaedu jt haridusasutusi, organisatsioone ning \u00fcksikisikuid liituma talendikeskuse v\u00f5rgustikuga. Liitumine ei maksa midagi, aga vastu jagame metoodilist materjali, infot andekusalaste koolituste, erinevate projektide, seminaride jm \u00fcrituste kohta, kutseid osalemiseks \u00fchisprojektides jms. V\u00f5rgustikuga liitumiseks pole vaja muud, kui t\u00e4ita liitumisankeet: Eraisikule\u00a0 Asutusele\/organisatsioonile<\/p>\n","protected":false},"author":1,"featured_media":0,"parent":0,"menu_order":0,"comment_status":"closed","ping_status":"closed","template":"","meta":{"footnotes":""},"class_list":["post-183","page","type-page","status-publish","hentry"],"_links":{"self":[{"href":"https:\/\/talendikeskus.ee\/index.php\/wp-json\/wp\/v2\/pages\/183","targetHints":{"allow":["GET"]}}],"collection":[{"href":"https:\/\/talendikeskus.ee\/index.php\/wp-json\/wp\/v2\/pages"}],"about":[{"href":"https:\/\/talendikeskus.ee\/index.php\/wp-json\/wp\/v2\/types\/page"}],"author":[{"embeddable":true,"href":"https:\/\/talendikeskus.ee\/index.php\/wp-json\/wp\/v2\/users\/1"}],"replies":[{"embeddable":true,"href":"https:\/\/talendikeskus.ee\/index.php\/wp-json\/wp\/v2\/comments?post=183"}],"version-history":[{"count":8,"href":"https:\/\/talendikeskus.ee\/index.php\/wp-json\/wp\/v2\/pages\/183\/revisions"}],"predecessor-version":[{"id":823,"href":"https:\/\/talendikeskus.ee\/index.php\/wp-json\/wp\/v2\/pages\/183\/revisions\/823"}],"wp:attachment":[{"href":"https:\/\/talendikeskus.ee\/index.php\/wp-json\/wp\/v2\/media?parent=183"}],"curies":[{"name":"wp","href":"https:\/\/api.w.org\/{rel}","templated":true}]}}